 48*o - 52*o + 108772, o + 2*g - 27208 = 0. What is the ten thousands digit of o?
2
Let j(k) = -3*k - 39. Let m(w) = 2*w + 38. Let p(s) = 3*j(s) + 4*m(s). Let x(y) = y**2 + 8*y + 23. Let n be x(-7). What is the units digit of p(n)?
9
Let t = -14358 + 15832. What is the hundreds digit of t?
4
Let q = 13478 + -11847. What is the units digit of q?
1
What is the tens digit of (1251/(-7) - 10/35)*(-117 + 78)?
8
Let y = 1254 - -7276. What is the thousands digit of y?
8
Suppose 12 = v - 3*n + n, -26 = -4*v - 3*n. Let l(a) = 6*a**2 + 9*a - 18. Let f be l(v). Suppose m + f = 4*m. What is the tens digit of m?
4
Suppose -22*t + 1652 + 4002 = 0. Suppose -3*z - t = -866. What is the units digit of z?
3
Let t = -579 + 562. What is the hundreds digit of 2 + t/(85/(-4880))?
9
Suppose 17*v - 15*v + 18 = 0. What is the units digit of (-28)/(-21) + (-3)/(v/1820)?
8
Suppose -2*z = -3*i + 9 - 2, 3*i = -4*z + 13. Suppose i*k + 2*k - 30 = 0. Suppose -k*h + 2*h = -5*b - 519, -h = -4*b - 127. What is the units digit of h?
1
Suppose 0 = -l + 3*r + 67907, 0 = 114*l - 116*l - r + 135835. What is the thousands digit of l?
7
What is the hundreds digit of (-30)/(-27)*-60*((-34605)/12)/5?
4
Suppose 5*t + 5*v + 90 = 0, -2*t - 9 = -4*v + 9. Let m be t/(-4) - 12/(-48). Suppose -5*k = m*k - 486. What is the units digit of k?
4
Let x(w) = 20*w**3 + 2*w**2 - 21*w + 81. Let g be x(6). Let y = g - 2837. What is the units digit of y?
0
Let u = 55 + -52. Suppose y + 5*n - 4*n = 0, 4*y + 3*n - u = 0. Suppose -8*w = y*w - 231. What is the units digit of w?
1
Suppose 78*t + 457 = 77*t. Let f = -115 - t. What is the hundreds digit of f?
3
Suppose 5*f - 4*w = 27, 3*f - 4*w - 22 = -1. What is the tens digit of (3 - f) + -2 + 69?
6
Suppose 5*t - 179 + 179 = 0. Let h(p) = 3*p**3 + 2*p + 88. What is the tens digit of h(t)?
8
Suppose 2*g + 13*g = -0*g. Let m be 2/(-8) - (4 + 125/(-20)). Suppose g = m*s, 0 = 3*q + 3*s - 27 - 30. What is the units digit of q?
9
Suppose -8*t + 211 + 29 = 0. Suppose d = -4*d + t. Suppose 0 = -g + d*g - 925. What is the tens digit of g?
8
Let a = -318 + 42. What is the units digit of (24909/a)/((-1)/12)?
3
Let c(a) = -a**3 + 5*a**2 + 11*a - 36. Let z be c(7). Let x = 184 + z. What is the hundreds digit of x?
1
Let x(g) = 5*g - 2. Let q be x(1). Suppose 4*z + 2*s - 672 = 0, s + 4*s = q*z - 478. Suppose 429 = 5*o + 2*k, 3*k - z + 1 = -2*o. What is the units digit of o?
7
What is the hundreds digit of (350/(-28) + 12)/((-504676)/168224 - -3)?
0
Let n(m) be the third derivative of -9*m**4/8 - 16*m**3/3 - 18*m**2. Let w be n(-6). Suppose 3*y - w - 343 = 4*f, -5 = f. What is the tens digit of y?
5
Let l = 35 + -49. Let m(w) = w + 14. Let z be m(l). Suppose -f + 74 = -b - 3*b, 5*f - 2*b - 280 = z. What is the units digit of f?
4
Suppose -7502 = 6*g - 3068. Let q = -478 - g. Suppose l + q = 3*l - n, -3*l = -n - 389. What is the units digit of l?
8
Let g be (-11472)/36*(-6)/(-4). Let s = g + 978. What is the tens digit of s?
0
Suppose 1 = 6*z + 37. What is the tens digit of 1/((-6697)/(-1116) + z)?
1
Suppose -m = -4*d - 18, 0 = -0*m + 2*m - d - 1. Let p be (m/2 - (2 - 1))*-1. What is the hundreds digit of 110 - p - (3 + -2)?
1
Suppose -3*x = -5*d + 7, -8*x + 12 = 4*d - 4*x. Suppose -1 = c - 4*p + 3, 3*c = -d*p + 16. What is the tens digit of 1 + (-56)/21*(-114)/c?
7
Let r = 60841 - 17791. What is the thousands digit of r?
3
Let n(w) = -w**3 + 10*w**2 - 7*w + 7. Let m be (-22)/55 + 46/(-10). Let v = m + 13. What is the tens digit of n(v)?
7
Suppose 0 = -3*g + 3*h + 235935, -3*g + 5*h + 155909 = -80022. What is the units digit of g?
7
Let k(r) = 366*r + 300. Let y be k(-7). Let m = -574 - y. What is the tens digit of m?
8
Let i = -8091 - -16202. What is the units digit of i?
1
Suppose -28417 = -9*x + 57*x - 123121. What is the hundreds digit of x?
9
Let y = -5776 + 17694. What is the hundreds digit of y?
9
Suppose 4*r = v - 220768, -r + 3 = -0. What is the tens digit of v/252 - 2/18?
7
Let n(d) = -50*d**2 - 4*d - 7. Let c(r) = -101*r**2 - 7*r - 12. Let y(i) = -3*c(i) + 5*n(i). What is the tens digit of y(-2)?
1
Let i(m) = m**2 + 6*m + 16. Let j be i(-17). Suppose 208*o = j*o + 1465. What is the tens digit of o?
9
Let s(d) = -165*d - 1753. What is the units digit of s(-71)?
2
Let j(o) = -o**2 + 7*o - 8. Let s be j(4). Suppose 2 = -c + s. Suppose 4*p = -c*x + 62, -3*x - 5*p + 4 = -89. What is the tens digit of x?
3
Let s(u) = -u**2 - 8*u - 10. Let c be s(-7). Let m be 0 + c/(-4) + 693/(-12). Let x = 166 + m. What is the tens digit of x?
0
Let w = 25 - 22. Let g(k) = 3*k**3 + 13*k**2 + 6*k**2 - 7 - 4*k**w - 12*k**2 + 2*k. What is the tens digit of g(6)?
4
Let x(b) = 3*b**2 - 4*b + 2. Let v be x(-6). Let c = v - 23. Suppose -3*m + c + 24 = 0. What is the units digit of m?
5
Let h be (-34)/6*4*18/(-24). Suppose -82 = -3*g + h. Suppose -3 = -9*q + g. What is the units digit of q?
4
Suppose 0 = 5*u + 3 - 28. Suppose -4*b = -2*a + 150, -u*b + 3*b = 8. What is the units digit of a?
7
Suppose 0 = 2*b - d - 73371, -4*b - 664*d + 663*d = -146721. What is the tens digit of b?
8
Suppose 0 = 91*r - 37*r - 173124. What is the tens digit of r?
0
Suppose 167959 - 518857 = -8*w + 2*k, -w - 4*k + 43875 = 0. What is the units digit of w?
3
Suppose -56*b = 48*b - 1223113 + 139225. What is the thousands digit of b?
0
Suppose 3*j + 2*w = 11608, -5*w - 5180 = -3*j + 6435. What is the units digit of j?
0
Let b(d) = -2*d**3 + 78*d**2 + 102*d + 206. What is the thousands digit of b(39)?
4
Let s = -209 - -216. Suppose s*m + m - 3440 = 0. What is the tens digit of m?
3
Let c = -8931 + 8928. Let b(n) be the first derivative of -14*n**2 + 19*n + 1. What is the hundreds digit of b(c)?
1
Suppose 3*l - 60 = -3*v, 0 = 5*l + 3*v - 2*v - 88. Let h = -17 + l. Suppose -2*d + c - 5*c + 208 = h, c = 2*d - 183. What is the units digit of d?
4
Let u be 50/18 + (-8)/(-36). Suppose -z = -2*g + 668, -g + 503 - 162 = u*z. Suppose -4*t + 4*a = 3*a - 268, -5*t = -5*a - g. What is the units digit of t?
7
Let u = -1916 - -2995. Let x = 2043 - u. What is the units digit of x?
4
Suppose 0 = -u + 35 - 7. Let p = 102 - u. Suppose -d - 27 = -p. What is the tens digit of d?
4
Suppose 52*m - 74880 = 32*m. What is the units digit of m?
4
Let p(x) be the second derivative of 62/3*x**3 + 0 - x**2 - 6*x. What is the hundreds digit of p(1)?
1
Suppose -3*f + 4*l = 15, 5*f = 3*l - 18 - 7. What is the hundreds digit of 3 + (153 - f) - (4 - 1)?
1
Let x(t) = 699*t**2 - 212*t - 8. What is the ten thousands digit of x(8)?
4
Let n(p) = 5*p**2 - 14*p + 28. Let i be n(2). Suppose 10*r - 1810 + i = 0. What is the hundreds digit of r?
1
Let v = -2482 - -3504. What is the tens digit of v?
2
Let q(j) = 22*j**3 + 20*j**2 - 160*j - 7. What is the tens digit of q(8)?
5
Suppose -k - 8 - 3 = 0. Let h(x) = x**3 + 12*x**2 + 13*x + 24. Let i be h(k). What is the units digit of 6 + (-1305)/(-10) - i/(-4)?
7
Suppose o + 49 = 65. Suppose -3*y = -12, -5*j + o*y = 13*y - 318. What is the units digit of j?
6
Let f = -1501 - -870. Let c = f - -1315. Suppose -n = -0*h - 3*h + 411, 2*n + c = 5*h. What is the units digit of h?
8
Let d be -1*1 + (-6)/(-1). Suppose 0 = 3*f + 4*h + 7, -5*f - h = 46 - 57. Suppose z = 2*z + n - 130, d*n - 394 = -f*z. What is the tens digit of z?
2
What is the units digit of 49038/13 + 108/(-702)?
2
Suppose -20*t - 786 = -22*t. Suppose -4 = -2*v, x = -0*x - 5*v + t. What is the hundreds digit of x?
3
Let a = -19129 - -21233. What is the tens digit of a?
0
Let d(c) be the second derivative of c**3/6 - 3*c**2 + 4*c. Let s be d(8). Suppose 2 = i + 4*o + 1, 0 = 3*i + s*o - 23. What is the units digit of i?
9
Let q be -2 - (-5 - -4)*-534. Let h = -1678 - q. What is the tens digit of h/(-14) + 40/(-70)?
8
Suppose 0 = 5*s + 10*l - 11*l - 38483, s + l = 7693. What is the units digit of s?
6
Suppose 9908 = s + 5*m, 2107 - 31864 = -3*s - 4*m. What is the hundreds digit of s?
9
Suppose 349293 = 13*m - 9338. What is the thousands digit of m?
7
Let f = -166 - 308. Let h = f - -1002. What is the hundreds digit of h?
5
Let o(x) be the first derivative of -53*x**2/2 + 3*x + 52. What is the hundreds digit of o(-10)?
5
Let q = 34521 + -11436. What is the tens digit of q?
8
Suppose -4*v - 3210 = -2*g, 3*v - 4*g = -6*g - 2404. Let l = 1671 + v. What is the u